(a) be the second derivative of 5*a**3/6 + 101*a**2/2 + 5*a. List the prime factors of p(i).
101
Suppose 7 = 2*r - 3. Suppose -5*c - 7 = -3*v, 2*v + 2*v - 6 = r*c. List the prime factors of 6/(-4)*(-12 - c).
3, 5
Suppose -t + 0*q + 2024 = 3*q, -4*t - 2*q + 8076 = 0. Suppose -3*g + t = -259. List the prime factors of g.
3, 11, 23
Suppose 5*t + 38986 = 2*v, 55*t + 19475 = v + 57*t. List the prime factors of v.
19483
Let u(y) = y**3 + 5*y**2 + 6. Let l be u(-5). Suppose -4242 = -l*i + 2844. Suppose -5*c - 371 = -i. What are the prime factors of c?
2, 3
Let l(p) be the third derivative of 17*p**5/60 - p**4/4 + 5*p**3/6 - 12*p**2 + 5. What are the prime factors of l(6)?
7, 83
Let g(s) = s**2 + 4*s + 6. Let b be g(-4). Let t(n) = 40 + 34 - 64 - b*n - 12*n. List the prime factors of t(-7).
2, 17
Let n = 82320 + -18066. List the prime factors of n.
2, 3, 10709
Let j(g) be the second derivative of -7*g**3/6 + 7*g**2/2 + 22*g. Let l be j(12). What are the prime factors of 3/7 + 264/l + 50?
47
Let k = -374 - -2897. List the prime factors of k.
3, 29
Let z(u) = -4*u**2 - 33*u + 7. Let i be z(-6). Let h(p) = -3*p - 2. Let l be h(-2). Let m = i - l. What are the prime factors of m?
3, 19
Let t = 46 + -30. Suppose t*d - 18*d + 10 = 0. Suppose 3*y - 5*y = d*x - 61, 3*x = y + 41. List the prime factors of x.
13
List the prime factors of 1881/627 + (108890/7 - 2/(-7)).
15559
Suppose 4*m = -4*j + 108576, 83*j = 81*j - 4*m + 54298. List the prime factors of j.
7, 3877
Let f = -51 - -51. Suppose -5*t - y - 3 - 97 = f, -4*y - 22 = 2*t. What are the prime factors of 6/t - 6/(-21) - -46?
2, 23
Let v(t) = -t**3 + 2*t + 570. Let x be v(0). Suppose -2167*p + 2173*p = x. What are the prime factors of p?
5, 19
Let d = -33 - -32. Let b be (1 + -6 - -5)*d. Suppose 0 = l + 4*c - 2*c - 24, 5*l - 2*c - 108 = b. What are the prime factors of l?
2, 11
Suppose 0 = 3*b + 4 - 19, 0 = r - 5*b + 25. What are the prime factors of (-75)/(-1) + 8 + (-5 - r)?
2, 3, 13
Let f be 6/(-9) + 1 - (-2238)/9. Let x = f - 133. What are the prime factors of x?
2, 29
Let b(j) = 252*j - 513. What are the prime factors of b(31)?
3, 811
Let d(c) = 30*c - 11. Let o be d(15). Let p = -14 - -16. Suppose -4*m + 353 = 3*k, 4*k + m = p*m + o. What are the prime factors of k?
3, 37
Suppose -2*q - 8*o = -3*o - 3009, -2*o + 4530 = 3*q. Suppose s - c - 448 = 0, 4*s - c - q - 277 = 0. What are the prime factors of s?
3, 149
Let t(r) = 11*r**2 - r - 2. Let a be t(-1). Suppose j = 6 - a. What are the prime factors of (29 + -3)*(-3)/(6/j)?
2, 13
Suppose n + 711 = 2*i, 2*n + 23 - 1823 = -5*i. Let w = i + -123. List the prime factors of w.
5, 47
Suppose 29*u + 2875 = 4*u. Suppose -63 = 4*q - q. Let m = q - u. What are the prime factors of m?
2, 47
Let a = -126 - -122. What are the prime factors of 3/(2 + 975/(-489)) - a?
17, 29
Suppose 5 = -2*z + 4*p + 23, -5*z + 78 = p. Let f = z - 8. Let c(y) = -y**3 + 8*y**2 - 2*y - 5. What are the prime factors of c(f)?
2, 3, 5
Let u(t) = t**3 - 22*t**2 - 21*t - 26. Let p be u(23). Suppose p*n - 7*n - 2041 = 0. List the prime factors of n.
157
Suppose 0 = -a + 4*i - 6, 2*a - 5*a + 4 = -i. Let q(d) = -7*d**2 + 4*d + 1. Let x(m) = -m**2 - m - 1. Let s(p) = -q(p) - 5*x(p). List the prime factors of s(a).
2, 3
Let i be ((-2976)/(-40) - (-9)/15) + 4. List the prime factors of (-8 - (-35)/5) + i.
2, 3, 13
Suppose z + 108 = -3*z. Let y be (-268)/(-469) - 535/(-7). Let t = y + z. List the prime factors of t.
2, 5
Let l(u) = -2. Let v(i) = 4*i + 530. Let d(p) = -4*l(p) + v(p). List the prime factors of d(0).
2, 269
Suppose 17*o = 23*o - 66. Let f(c) = 70*c - 107. What are the prime factors of f(o)?
3, 13, 17
Let s(f) = 86*f**3 + 31*f - 148. What are the prime factors of s(7)?
29567
Let o be (8328/(-36))/((-2)/(-6)). Let j = o + 1006. List the prime factors of j.
2, 3, 13
Suppose -8*l + 17280 = 10*l. Suppose -2*w + 3*j + 961 = 0, 2*w - l = j + 3*j. List the prime factors of w.
2, 241
Let z = -3474 + 11622. List the prime factors of z.
2, 3, 7, 97
Let d(t) = -t**2 - 2*t + 169. Let z be (-3)/(-12)*(0 + 0). What are the prime factors of d(z)?
13
Suppose -6*g = -2*g - 140. Suppose -33*d + g*d = 4. What are the prime factors of d?
2
Let c(o) = -2*o + 1. Let j(d) = -126*d + 14. Let f(n) = 127*n - 16. Let g(b) = -3*f(b) - 4*j(b). Let l(h) = 4*c(h) + g(h). List the prime factors of l(2).
2, 113
What are the prime factors of 43138 - (16/10)/((-60)/300)?
2, 3, 17, 47
Let v = 24902 + -17590. What are the prime factors of v?
2, 457
Suppose -b + 2 = 0, -2*b = -5*g + b - 211. List the prime factors of (2/(-10))/(g/4510).
2, 11
Suppose 78*z + 171585 = 109*z. List the prime factors of z.
3, 5, 41
Suppose 13*s = 3*s + 4093 + 4407. What are the prime factors of s?
2, 5, 17
Let c be (-1)/(1/6*-2). Suppose c*o + 5*o = 32. Suppose -o*m + 3*q + 484 = -44, -3*m + 5*q = -396. What are the prime factors of m?
2, 3, 11
Let y be (-10)/(-70) - (-55)/7. Let n = 7 - y. Let f = 49 + n. List the prime factors of f.
2, 3
Suppose -l + 3674 = 2*b, l = -l - 3*b + 7351. Suppose 0 = 4*s - 212 - l. List the prime factors of s.
7, 139
Let k(p) = 2*p**3 - 5*p - 2*p + 2 - p - p**3 + 7*p**2. Let z be k(-8). Suppose 0 = z*t - 463 + 115. What are the prime factors of t?
2, 3, 29
Let a(f) = 12*f**3 - f**2 - 45*f + 39. What are the prime factors of a(9)?
3, 2767
Suppose -2*q - 81128 = -6*w - 6*q, -3*q = -4*w + 54057. What are the prime factors of w?
2, 3, 751
Let m = 56 - 53. Let b(w) = -7*w + 8. Let p be b(m). Let o = 45 - p. What are the prime factors of o?
2, 29
Let q be (-10)/((1/58)/((-11)/(-22))). What are the prime factors of (104/(-10))/(116/q)?
2, 13
Let d be (2/(-4))/((-5)/30). Suppose -d*g + 767 = 4*o, -2*g + 151 = -2*o + 545. Let y = -156 + o. What are the prime factors of y?
2, 19
Suppose 2*q - 3*q - 2052 = 0. What are the prime factors of 4/(-10)*(7 + q)?
2, 409
What are the prime factors of (6/(-19))/((-104)/1976) + (3800 - -1)?
3, 47
Suppose 5*a = -2*p + 2 - 25, a = -3*p - 15. Suppose -y - 5*f + 14 = 0, y + f + 31 = 57. Let o = y + p. List the prime factors of o.
5
Let u(b) = 114*b**2 - 77*b + 44. List the prime factors of u(7).
3, 1697
Let l(c) = 9926*c + 57. What are the prime factors of l(1)?
67, 149
Suppose 15*j = 26*j - 10472. Let n = 1585 - j. List the prime factors of n.
3, 211
Let r(i) = -2*i**2 + 61*i + 33. Let c be r(31). Let t(u) = 108*u + 7 + 21 - 2. List the prime factors of t(c).
2, 11
Let p = -921 - -925. List the prime factors of (p - (-146)/4)/(2/60).
3, 5
Let r(h) = 4401*h**2 + 126*h - 15. What are the prime factors of r(3)?
2, 3, 3331
Let g(d) = 11*d**2 + d + 4. Let o be g(-3). Suppose -90 = -s + o. Let z = s + -6. List the prime factors of z.
2, 23
Let p = -164 + 368. Suppose -3*s - 4*k + p = s, -5*s = -k - 225. List the prime factors of s.
2, 23
List the prime factors of 14354 + 280/((-220)/(-11)).
2, 449
Suppose 2*s - 11*s = -9. Let t be s*4*5/10. Suppose -t*v = 2*v - 8, -4*b + 3*v + 534 = 0. List the prime factors of b.
3, 5
Suppose 14*t - 10*t + m - 39031 = 0, -5*m - 39061 = -4*t. List the prime factors of t.
3, 3253
Let z(h) = -329*h**3 - 4*h**2 + 14*h + 59. What are the prime factors of z(-5)?
2, 20507
Let y(p) = 18*p**2 + 41*p + 278. List the prime factors of y(-17).
4783
Suppose -2*q + 4*o - 346 - 150 = 0, -3*q - 714 = 4*o. Let w = -206 + q. List the prime factors of (-30)/(-8)*w/(-42).
2, 5
Suppose v + 20 = -5*y, 0 = -5*v - y - 0 - 4. Suppose v = -2*c - u + 1180, 8*c - 3*c - 3*u - 2961 = 0. What are the prime factors of c?
3, 197
Suppose -n - 3*n + 64 = z, -2*n + 32 = -3*z. Let t = 144 - n. What are the prime factors of t?
2
Let w = -12232 + 35646. List the prime factors of w.
2, 23, 509
Let u(o) = 12*o**2 - 17*o - 11. What are the prime factors of u(-14)?
2579
Suppose -5*n = 20*n + 11*n - 332316. List the prime factors of n.
3, 17, 181
Let i be (9/4)/((-12)/(-64)). Suppose -3 = -13*o + i*o. Suppose 0 = 5*y - 3*h - 804, 6*h + 478 = o*y + 2*h. What are the prime factors of y?
2, 3
Suppose -5*a = -4*n + 14, 4*a + 7 - 4 = -5*n. Suppose 3*b - 5*b = -w + 5, -4*b = -5*w + 13. List the prime factors of (6/a + 81)/((-2)/b).
2, 3, 13
Let p be (-45)/6*2/(-5). Let x(d) = -7*d**3 - d**2 - d. Let g be x(-1). Suppose -p*l = -g*l + 52. List the prime factors of l.
13
What are the prime factors of (-239